
Calculate the highest common factor of 528 and 12.
12
Calculate the greatest common divisor of 15 and 665.
5
Calculate the highest common divisor of 4257 and 33.
33
Calculate the highest common factor of 16 and 4.
4
What is the greatest common factor of 2124 and 944?
236
Calculate the greatest common factor of 638 and 58.
58
Calculate the greatest common factor of 14 and 1134.
14
Calculate the highest common divisor of 26 and 299.
13
Calculate the highest common factor of 1976 and 32.
8
What is the highest common factor of 409 and 2?
1
What is the highest common factor of 188 and 76?
4
What is the highest common divisor of 382 and 27695?
191
Calculate the highest common factor of 9006 and 190.
38
Calculate the highest common factor of 32 and 2848.
32
What is the highest common divisor of 373 and 3?
1
What is the highest common divisor of 45 and 477?
9
Calculate the greatest common divisor of 40806 and 18.
18
Calculate the greatest common divisor of 11 and 341.
11
Calculate the highest common factor of 150 and 50.
50
Calculate the greatest common divisor of 35 and 112.
7
What is the greatest common factor of 6924 and 24?
12
What is the greatest common factor of 71 and 1633?
71
What is the highest common factor of 1573 and 1936?
121
What is the greatest common factor of 32 and 54?
2
Calculate the highest common divisor of 707 and 202.
101
What is the greatest common divisor of 202 and 1919?
101
What is the highest common divisor of 2159 and 68?
17
Calculate the greatest common factor of 1343 and 158.
79
Calculate the greatest common divisor of 10388 and 212.
212
Calculate the greatest common factor of 49 and 1176.
49
Calculate the highest common divisor of 546 and 42.
42
What is the greatest common factor of 78 and 27534?
78
What is the highest common factor of 88 and 33?
11
Calculate the highest common factor of 28 and 292.
4
Calculate the highest common factor of 108 and 1908.
36
Calculate the greatest common factor of 3 and 96.
3
What is the highest common divisor of 145 and 20?
5
What is the highest common divisor of 17 and 493?
17
Calculate the highest common divisor of 72 and 3384.
72
What is the highest common divisor of 1014 and 39?
39
Calculate the greatest common factor of 30 and 18.
6
Calculate the greatest common factor of 63 and 657.
9
What is the greatest common factor of 320 and 30?
10
Calculate the highest common divisor of 575 and 69.
23
What is the highest common factor of 33562 and 194?
194
Calculate the highest common divisor of 18225 and 75.
75
Calculate the greatest common factor of 341 and 589.
31
Calculate the highest common divisor of 24 and 10308.
12
Calculate the greatest common factor of 63 and 99.
9
What is the greatest common divisor of 28 and 1372?
28
What is the highest common divisor of 3264 and 128?
64
What is the greatest common factor of 1965 and 524?
131
What is the highest common divisor of 2190 and 75?
15
What is the greatest common factor of 605 and 10?
5
Calculate the greatest common factor of 396 and 165.
33
What is the highest common factor of 49 and 3283?
49
What is the greatest common factor of 17 and 34?
17
What is the greatest common factor of 12 and 1668?
12
Calculate the greatest common factor of 1301 and 1.
1
What is the highest common divisor of 1015 and 315?
35
What is the highest common factor of 90 and 6940?
10
What is the highest common divisor of 13 and 20423?
13
What is the highest common divisor of 4 and 32?
4
Calculate the greatest common divisor of 4 and 5204.
4
What is the highest common factor of 551 and 19?
19
Calculate the highest common factor of 5632 and 88.
88
What is the greatest common divisor of 2 and 87?
1
Calculate the highest common factor of 82797 and 286.
143
What is the highest common divisor of 71 and 6603?
71
Calculate the highest common factor of 1184 and 74.
74
Calculate the greatest common divisor of 8125 and 25.
25
What is the greatest common factor of 1421 and 49?
49
What is the highest common factor of 37 and 2701?
37
Calculate the greatest common divisor of 61579 and 19.
19
What is the highest common factor of 1334 and 1363?
29
What is the highest common divisor of 7 and 147?
7
What is the highest common factor of 102 and 578?
34
What is the highest common factor of 675 and 54?
27
What is the greatest common factor of 910 and 140?
70
Calculate the greatest common factor of 78 and 7332.
78
Calculate the greatest common factor of 24 and 48072.
24
Calculate the greatest common divisor of 91 and 143.
13
Calculate the greatest common factor of 16 and 5996.
4
Calculate the greatest common factor of 2286 and 12.
6
Calculate the highest common divisor of 100 and 15450.
50
What is the highest common factor of 92 and 13?
1
What is the highest common factor of 27 and 54?
27
What is the greatest common factor of 72 and 117?
9
Calculate the greatest common factor of 1485 and 405.
135
What is the highest common factor of 135 and 40?
5
Calculate the greatest common factor of 2442 and 330.
66
What is the greatest common factor of 22 and 418?
22
Calculate the highest common divisor of 561 and 33.
33
Calculate the greatest common factor of 405 and 5805.
135
What is the greatest common factor of 980 and 40?
20
What is the highest common divisor of 14 and 2?
2
What is the highest common factor of 11563 and 1119?
373
Calculate the greatest common factor of 130 and 338.
26
Calculate the highest common factor of 48 and 1812.
12
What is the greatest common factor of 1064 and 336?
56
What is the greatest common divisor of 2439 and 135?
9
What is the highest common factor of 384 and 3?
3
What is the greatest common factor of 20 and 16?
4
Calculate the highest common factor of 814 and 110.
22
What is the greatest common divisor of 190 and 1216?
38
Calculate the greatest common factor of 2173 and 106.
53
What is the greatest common divisor of 23639 and 44?
11
Calculate the highest common divisor of 125 and 25.
25
What is the highest common factor of 32 and 32?
32
Calculate the greatest common divisor of 406 and 7.
7
What is the highest common divisor of 651 and 21?
21
What is the highest common factor of 134 and 8?
2
Calculate the highest common divisor of 28 and 112.
28
Calculate the highest common factor of 99 and 1364.
11
What is the highest common factor of 395 and 869?
79
Calculate the highest common divisor of 24 and 1704.
24
What is the greatest common divisor of 3 and 48?
3
What is the greatest common factor of 3105 and 115?
115
What is the highest common divisor of 165 and 55?
55
Calculate the greatest common factor of 1916 and 4.
4
Calculate the highest common divisor of 280 and 13510.
70
What is the greatest common divisor of 21 and 145005?
21
Calculate the greatest common divisor of 23 and 207.
23
What is the highest common factor of 101 and 1919?
101
What is the greatest common factor of 99 and 88?
11
What is the greatest common factor of 114 and 2337?
57
What is the highest common divisor of 28784 and 32?
16
Calculate the highest common factor of 650 and 250.
50
What is the greatest common divisor of 133 and 42?
7
What is the highest common divisor of 30 and 4275?
15
Calculate the highest common divisor of 7359 and 33.
33
What is the highest common divisor of 232 and 344?
8
Calculate the greatest common factor of 20316 and 6.
6
Calculate the highest common factor of 95 and 95.
95
Calculate the greatest common divisor of 3029 and 26.
13
What is the greatest common divisor of 561 and 3179?
187
What is the greatest common divisor of 26714 and 74?
74
What is the highest common divisor of 170 and 136?
34
Calculate the highest common factor of 4730 and 220.
110
Calculate the greatest common divisor of 12 and 80.
4
What is the greatest common factor of 350 and 2975?
175
Calculate the highest common factor of 1611 and 54.
9
Calculate the greatest common factor of 1375 and 22.
11
What is the greatest common factor of 600 and 210?
30
Calculate the highest common factor of 1794 and 234.
78
What is the greatest common divisor of 24 and 5280?
24
Calculate the highest common factor of 405 and 1377.
81
What is the highest common divisor of 2537 and 2714?
59
What is the highest common factor of 9 and 909?
9
Calculate the highest common divisor of 851 and 529.
23
Calculate the greatest 